visor of 154 and 1449646.
22
Calculate the highest common divisor of 13 and 129003043.
13
Calculate the highest common divisor of 3633264 and 288.
144
What is the greatest common divisor of 490 and 35346794?
14
Calculate the greatest common factor of 4438 and 15059402.
634
What is the highest common divisor of 1616195 and 2135?
2135
What is the highest common divisor of 440378505 and 1512?
189
Calculate the highest common factor of 8823826 and 86309.
5077
Calculate the greatest common factor of 30 and 11169380.
10
Calculate the greatest common divisor of 2575 and 1972656.
103
What is the greatest common factor of 51864 and 8092945?
2161
What is the highest common divisor of 65685866 and 2?
2
Calculate the highest common factor of 53186 and 51562.
406
What is the highest common divisor of 72251536 and 14?
14
Calculate the greatest common factor of 40 and 185647300.
20
What is the highest common divisor of 35539 and 107277010?
5077
What is the greatest common divisor of 113946 and 2982?
42
What is the highest common divisor of 236838204 and 252?
36
What is the greatest common divisor of 27838768 and 1072?
1072
Calculate the greatest common factor of 6021 and 156681.
27
What is the greatest common divisor of 24786 and 2421?
9
Calculate the highest common factor of 292995 and 345.
15
Calculate the highest common factor of 75189125 and 4455.
55
What is the greatest common divisor of 1221501 and 8772?
2193
Calculate the greatest common divisor of 1309632 and 7856.
16
What is the greatest common factor of 1346409 and 1242?
27
Calculate the highest common divisor of 693840 and 41393338.
5782
Calculate the greatest common factor of 52 and 654196972.
52
What is the highest common divisor of 252688784 and 32?
16
Calculate the highest common factor of 116385490 and 16880.
2110
Calculate the highest common divisor of 100 and 273375.
25
What is the highest common factor of 114315 and 10845?
15
What is the greatest common divisor of 73591 and 469?
7
What is the highest common factor of 974162 and 39634?
2086
What is the greatest common divisor of 3099917 and 106?
53
Calculate the greatest common divisor of 13426412 and 11988.
148
Calculate the highest common factor of 170 and 3668685.
85
What is the highest common divisor of 14635130 and 17?
17
Calculate the highest common factor of 1790386 and 80782.
338
What is the highest common divisor of 3835 and 101457993?
767
Calculate the highest common factor of 1297466937 and 351.
351
Calculate the greatest common divisor of 306 and 1423566.
18
What is the greatest common factor of 62280 and 69944592?
4152
What is the highest common factor of 30 and 65727470?
10
What is the greatest common factor of 4210 and 24195?
5
What is the highest common factor of 96564 and 4622692?
2476
What is the highest common factor of 342 and 594772371?
171
Calculate the greatest common factor of 1764 and 586572.
84
What is the greatest common divisor of 433764424 and 8?
8
Calculate the highest common divisor of 34869230 and 1166.
1166
Calculate the greatest common factor of 676 and 25361089.
13
Calculate the greatest common factor of 20 and 342355.
5
What is the greatest common factor of 4582980 and 330740?
460
Calculate the highest common factor of 62680 and 20530834.
3134
What is the greatest common divisor of 4 and 159091396?
4
What is the highest common factor of 226634329 and 188?
47
What is the highest common divisor of 212112 and 33804?
108
Calculate the greatest common factor of 4718836 and 4430.
886
Calculate the highest common factor of 1376 and 427640.
8
What is the greatest common factor of 833960 and 398?
2
What is the greatest common factor of 980 and 6061720?
140
What is the highest common factor of 221154 and 64626906?
7134
What is the greatest common factor of 78057 and 6507?
27
Calculate the greatest common factor of 96802097 and 2499.
833
What is the greatest common factor of 2441016 and 3240?
648
What is the highest common divisor of 86931924 and 23260?
4652
Calculate the greatest common factor of 494 and 1192402.
38
Calculate the greatest common factor of 4872 and 8149638.
1218
Calculate the greatest common divisor of 15532764 and 1836.
204
What is the highest common divisor of 8304515 and 1065?
355
Calculate the highest common divisor of 21725 and 35242295.
4345
Calculate the highest common factor of 728 and 12546040.
104
What is the greatest common divisor of 13575 and 2710?
5
Calculate the highest common divisor of 31309 and 51221.
131
What is the greatest common factor of 455753 and 1520?
19
What is the highest common factor of 1005 and 3422520?
15
Calculate the highest common divisor of 1864213 and 104.
13
What is the highest common divisor of 36751 and 277817?
257
What is the highest common factor of 285 and 1798480?
5
Calculate the highest common divisor of 37 and 229153987.
37
Calculate the highest common factor of 20531780 and 665.
95
What is the highest common divisor of 105 and 20257839?
21
Calculate the highest common divisor of 30 and 44923062.
6
What is the highest common divisor of 15 and 30186300?
15
Calculate the greatest common divisor of 27579792 and 513.
57
Calculate the greatest common factor of 86 and 1173945494.
86
What is the greatest common divisor of 611355 and 3925745?
3845
What is the greatest common divisor of 9863640 and 594?
54
What is the greatest common factor of 444 and 28066905?
111
Calculate the highest common divisor of 16973304 and 3096.
1032
What is the greatest common divisor of 258048 and 1102752?
2016
Calculate the highest common divisor of 17456 and 20208.
16
What is the highest common factor of 336 and 55030416?
336
Calculate the greatest common divisor of 31395 and 162645.
105
Calculate the greatest common divisor of 1545725 and 367337.
3637
Calculate the greatest common divisor of 425 and 461300.
25
What is the highest common divisor of 840 and 17821580?
140
What is the greatest common divisor of 3348 and 1532547?
837
What is the greatest common divisor of 4355598 and 342?
114
What is the highest common divisor of 18 and 348411609?
9
What is the greatest common factor of 308 and 452467204?
28
Calculate the highest common divisor of 270 and 300390.
30
Calculate the highest common divisor of 24 and 252672.
24
What is the greatest common divisor of 27142 and 2949171?
41
Calculate the highest common factor of 105 and 23045001.
21
What is the highest common factor of 1604717 and 11524?
2881
Calculate the greatest common factor of 2238748 and 16.
4
Calculate the greatest common divisor of 291 and 1424057.
97
Calculate the highest common divisor of 20934388 and 31829.
4547
What is the highest common factor of 30519135 and 90?
45
Calculate the greatest common factor of 952 and 87113320.
56
What is the greatest common divisor of 43060 and 35540?
20
What is the greatest common divisor of 155679648 and 416?
32
Calculate the highest common divisor of 3825 and 1497.
3
Calculate the highest common divisor of 26660 and 1932635.
215
What is the highest common factor of 297 and 18624276?
297
Calculate the greatest common divisor of 6262 and 1315828.
202
Calculate the greatest common factor of 174636 and 27722926.
1078
Calculate the greatest common divisor of 891915 and 108501.
1839
Calculate the greatest common factor of 2072139 and 13179.
69
Calculate the greatest common divisor of 169641 and 40613312.
6283
What is the greatest common divisor of 26357185 and 839?
839
Calculate the greatest common factor of 498312 and 241704.
648
What is the greatest common factor of 56203770 and 126?
42
Calculate the greatest common divisor of 224 and 82187504.
112
Calculate the highest common factor of 22690328 and 621.
23
What is the highest common divisor of 203748812 and 92?
92
Calculate the highest common divisor of 373745 and 49.
1
Calculate the greatest common factor of 489491 and 13427.
29
Calculate the highest common divisor of 2649352 and 9790.
178
What is the highest common factor of 284 and 365393761?
71
Calculate the greatest common factor of 52135560 and 2910.
2910
What is the greatest common divisor of 4353113 and 20367?
31
Calculate the greatest common factor of 3355 and 24411346.
61
What is the greatest common factor of 220 and 5216156?
44
What is the greatest common divisor of 37